 Let b be ((-50)/5)/(0/(-1) + -2). What is l(b)?
1
Let x(g) = -g - 1. Let z = 64 - 24. Suppose l + 67 = -5*b, 23*b - 21*b + 8 = 0. Let f = z + l. Determine x(f).
6
Suppose -316*w + 314*w - 24 = s, -4*w + 24 = -2*s. Let q(p) = -p**3 - 17*p**2 + 23*p + 37. Determine q(s).
-53
Let b(y) = -15*y - 7. Let h be (-2)/(-12) - (-155)/186. Let f(j) = -2*j - 1. Let d(o) = h*b(o) - 6*f(o). Calculate d(-2).
5
Suppose -3*k = 2*h + 47, 0 = -2*h + k - 44 + 33. Let a(s) = s**2 + 10*s - 10. Let b(g) = -2*g**2 - 20*g + 19. Let n(v) = -5*a(v) - 2*b(v). Calculate n(h).
12
Let d = 48 - 40. Suppose -d*r + 8 = -4*r. Let h(j) = 13 + r - j - 17. Determine h(-2).
0
Let p(x) = -2*x - 23. Let i(y) = y + 12. Suppose 0 = -5*j + 8 + 12. Let w(b) = j*p(b) + 7*i(b). Let r = -8 - 0. What is w(r)?
0
Let n be ((-11)/(-4))/1 + 30/(-40). Suppose n*h - 12 = -h. Let f(r) = r**3 - 3*r**2 - 2*r - 4. Calculate f(h).
4
Let n(a) = 40*a + 15. Let k(x) = 20*x + 7. Let u(t) = -13*k(t) + 6*n(t). Let g = -168 - -163. Let i(y) = y**2 + 11*y + 31. Let l be i(g). Determine u(l).
-21
Let f(a) be the first derivative of -2*a**3/3 - 9*a**2/2 + 10*a + 349. Calculate f(-6).
-8
Let y(l) = l**2 + 9*l. Let i be (8/7 + -1)*7. Let s(d) = -d. Let c(g) = i*y(g) - s(g). Give c(-10).
0
Let j be 7 - (11 + 36/(-6)). Suppose 3*k + 6 = -3*u - 9, -j*u = -k + 4. Let z(g) = 5*g**3 + 3*g**2. Give z(k).
-28
Let i(t) = 3*t - 43. Suppose 128 - 66 = 58*k - 634. Determine i(k).
-7
Suppose 0 = -v - 3*m + 11, 2*m + 30 = -7*v + 9*v. Let g(d) = -d**3 + 15*d**2 - 18*d - 18. Calculate g(v).
-74
Let d(r) = -r**2 + 1. Let o(c) = 2*c**2 + 84*c + 549. Let u be o(-34). Calculate d(u).
-24
Let j(q) = 3*q - 27. Let k(t) = t**2 - 368*t - 1486. Let h be k(-4). What is j(h)?
-21
Let m(a) = 4*a**2 - 3*a + 15. Let r be (-1834)/(-524)*((-72)/(-21))/(-2). Give m(r).
177
Let a(s) = -6*s - 4. Let k(g) = -5*g - 3. Let h(u) = -6*a(u) + 7*k(u). Suppose 5*v + 2433 = 3*c, 14*v - 16*v - c - 971 = 0. Let x = -486 - v. Give h(x).
3
Let y = 4347 + -4348. Let o(l) = 7*l**3 - 4*l**2 - 7*l - 4. Calculate o(y).
-8
Let z(x) = 7*x**3 - 19*x**2 + 83*x + 25. Let d(g) = 8*g**3 - 19*g**2 + 85*g + 25. Let j(u) = 8*d(u) - 9*z(u). Determine j(-22).
-3
Let u(n) = n**3 + 9*n**2 + n - 3. Suppose -2*z - 1317 + 1179 = 0. Let x = z - -60. What is u(x)?
-12
Let y(n) = -6*n - 20. Let x be (-2 - -3)/(4/(-1020)*-3). Let m be x*(-13)/195 + (-2)/(-3). Calculate y(m).
10
Let p(u) = u**2 - 1. Let l(w) = 13*w - 3 - 17*w + w**2 - 3. Suppose 0 = -7*h + h - 6. Let c(y) = h*l(y) + 3*p(y). Calculate c(-3).
9
Let h(f) = f + 11. Let v = -137 + -54. Let r = v - -187. Determine h(r).
7
Let y = 48 - 16. Suppose -y*a + 34*a - 10 = 0. Let p(h) = h - 8. Give p(a).
-3
Let c(y) be the first derivative of -y**3/3 - 11*y**2/2 + 25*y - 22. Let h be c(-13). Let z(v) = 6*v - v + 7*v - 1. Give z(h).
-13
Let v = 8 - 4. Let x(g) = 6*g - 19. Let n be x(v). Suppose -n*f = 28 - 8. Let j(y) = 2*y - 5. Determine j(f).
-13
Let h(y) = 4*y**3 + 23*y**2 - 8*y + 6. Let v(f) = 5*f**3 + 29*f**2 - 8*f + 5. Let k(l) = 6*h(l) - 5*v(l). Calculate k(-5).
1
Suppose 5*l - 1 - 9 = 0. Let n(z) = -12*z**3 - l*z**3 + 2*z + 13*z**3 + 3*z**2. Give n(3).
6
Let b(c) = -4*c + 3. Let w(u) = 3*u - 4. Let v(o) = -2*b(o) - 3*w(o). Let t(m) = m**2 - 13*m - 567. Let f be t(-18). Calculate v(f).
15
Let d(w) be the third derivative of w**4/12 - 8*w**3/3 - 44*w**2. Let x be (14/(-5))/((-2)/(-40)*-8). Calculate d(x).
-2
Let w = -402 - -402. Suppose 4*h + 2*k - 24 = w, -6 = -h - 0*k + 3*k. Let d(p) = 0 - 4*p - p**3 + 7*p**2 + 0*p - 2. Calculate d(h).
10
Let r be 117 + (-2)/2*(-8)/(-2). Let m = r + -112. Let u(c) = 5*c**3 - c + 1. Calculate u(m).
5
Let r = -1 + 29. Let l(c) = -r + c - 20 + 26. What is l(0)?
-22
Let g(f) = -4*f - 49. Suppose -1538*n = -1543*n - m - 40, 2*n + 16 = -5*m. Give g(n).
-17
Suppose 0 = 6*m + 70 + 56. Let c be ((-4)/(-3))/(14/m). Let p(i) = i**2 + i + 0*i**2 + 2 + i**3 + 0*i**2 + i. Calculate p(c).
-6
Let d = 1138 + -1131. Suppose 30 - 6 = 3*t. Let c(f) = f**3 - 8*f + 4*f**2 + 3 - t*f**2 - 2*f**2. Give c(d).
-4
Let g(c) = c**2 - 9*c + 13. Suppose 0 = -11*p + 15*p + 5*l - 22, -36 = -4*p + 2*l. Let q be (-120)/(-18) - p/(-24). Give g(q).
-1
Let t(g) be the first derivative of 2*g**3/3 + 7*g**2/2 - 12*g - 924. What is t(2)?
10
Let w(q) = q**2 + 21*q - 7. Let z(i) = i**2 - 628*i - 5109. Let t be z(-8). Calculate w(t).
-7
Let c(h) = -4 + 15*h**2 - 9*h**3 - 2 + 28*h + 10*h**3 + h**2 + 4. Determine c(-14).
-2
Let x(s) = -2*s + 13. Let l = 117 - 120. Let j be (-2)/(88/(-24) - l). What is x(j)?
7
Let i(c) = c**2 + 2*c + 2. Suppose -6*s + 29 - 5 = 0. Let d(w) = -w**3 + 3*w**2 + 4*w. Let u be d(4). Suppose -s*a - r - 9 = u, 12 = a + 4*r + 3. Give i(a).
5
Let o(h) = -25*h**2 + h. Suppose 2*n + 4*r = 10, r = 12 - 8. Let i be 3/(n/3) - 36/(-9). Determine o(i).
-24
Let y(d) = -6*d + 105. Let n be y(17). Let l(q) = q**3 - 1 - 3*q + 3*q + n*q**2 + 0*q**2. Determine l(-2).
3
Let w(u) be the second derivative of u**5/20 - u**4/2 - 3*u**3/2 - 5*u**2/2 - 2324*u - 2. Give w(7).
-19
Let c(y) = y**3 - 6*y**2 + 6*y - 4. Let g be (-317)/4 - ((-3)/(-4) - 1). Let b = 63 + g. Let f be (2 - 0)*(-4)/b*10. Calculate c(f).
1
Let s(r) = -7*r**3 + r**2 - r - 4. Let m(j) = 3*j**3 + 5*j**2 - 3*j - 13. Let b(o) = m(o) - 3*s(o). Let y = 23 - 22. Calculate b(y).
25
Let b(k) = k**3 + 51*k**2 + 31*k + 44. Let y(r) = r**3 + 42*r**2 + 29*r + 43. Let g(p) = -2*b(p) + 3*y(p). What is g(-23)?
-5
Let h(x) = -x**2 + 9*x - 3. Let b(w) = w + 1. Let d(a) = 5*b(a) - h(a). Let c be 24/10*(-7)/(238/(-85)). Determine d(c).
20
Let t(l) be the first derivative of -l**4/2 + l**3/3 + l**2 - 7*l - 72. Give t(0).
-7
Let n(o) = 559*o - 362*o + 117 - 222*o. Give n(5).
-8
Let d(h) be the first derivative of -h**2/2 + 4*h - 5871. Let r(c) = c**3 + 2*c**2 + 4*c + 2. Let k be (2 + 2 - 2)*-1. Let g be r(k). Determine d(g).
10
Let m(p) be the second derivative of 3*p**5/20 - p**4/6 + p**3/6 + p**2/2 - p. Let z(h) = -17*h - 47. Let x be z(-3). Let s be 1*(-3 + x)/(7/14). What is m(s)?
19
Suppose 3*x = 4*g + 5*x - 72, -3*g - 3*x = -57. Suppose g = 5*k + 7. Let r(h) = 3 + 40*h - 34*h - h**k + 0*h**2. What is r(7)?
-4
Suppose -2*j - 4*g + 7 = g, -2*g = -j + 8. Suppose -3*i = 5*h - 113, -2*h + 5*i + 41 = 2*i. Let u(w) = 16*w**2 + 8*w**3 + 3 - h*w**2 - 7*w**3 + 2*w. Give u(j).
15
Let z(t) = -2*t**2 - t + 4. Suppose k = 5*u + 43, -k + 4*u = -4*k + 72. Suppose 5*m + 8 = k. Calculate z(m).
-32
Let h(v) = -v**3 - 2*v**2 - 3*v + 3. Let u be h(-3). Let o = -22 + u. Let z(q) = -4*q**2 + 0*q**2 - 14*q + 2*q**2 + 6*q**3 + 13*q. Calculate z(o).
-7
Let p(r) = r**3 + 7*r**2 + 6*r + 17. Let f(g) = -109*g + 649. Let k be f(6). What is p(k)?
37
Suppose -35*l + 828 = -14*l + 324. Let y(q) = -q**3 + 24*q**2 + 4. Give y(l).
4
Suppose 6*q - 227 - 289 = 0. Let i(y) = 263*y**3 - 92*y**3 - q*y**3 + 4*y**2 - 2*y + 1 - 86*y**3. What is i(3)?
4
Let q(z) = -3*z - 21*z**2 + 20*z**2 - 339 + 329. What is q(-2)?
-8
Let y(v) = -v. Suppose -12*x + 76 = 28. Let g be (44/16 - 3)*-12*x. Suppose -g = -5*t + 3*t. What is y(t)?
-6
Suppose 4 = -4*x - 5*m - 0, -4 = 4*x + m. Suppose 10 = 5*o, -4*f + 3 + 15 = 5*o. Let y(r) = r + 0*r**2 + 93 - 2*r**f - 93. Give y(x).
-3
Let s = -5 + 7. Suppose 9 = -5*x + s*x. Let q(o) be the third derivative of -o**6/120 - o**5/12 - o**4/12 + o**3/2 - 6*o**2 + 25. Determine q(x).
-9
Let q(h) = 15*h + 215. Let a be (-372)/28 - 18/630*25. Determine q(a).
5
Let x(s) = s**2 + 5*s + 1. Let l(f) be the second derivative of -8*f**3/3 - 26*f**2 - 84*f. Let h be l(-3). What is x(h)?
-3
Let p(x) = 11*x**3 - 34*x**2 + 2*x + 61. Let w(n) = 4*n**3 - 12*n**2 + n + 23. Let q(t) = 3*p(t) - 8*w(t). Let v = 17 - 11. Suppose v = 5*a - 4*a. What is q(a)?
-13
Let l(s) = -11*s - 61 - 3*s**2 + 113 - 41 - 5*s. Calculate l(-6).
-1
Let h(j) = 3*j + 2. Let c = 62 - 58. Let m be (3 - 4) + (c - 0). Let u be m*2/(-3) - 1. Calculate h(u).
-7
Let h(p) = -11 + 38 + 10*p - 14 + 6*p**2 - 4*p + 2*p. Calculate h(-2).
21
Let t(o) = 10*o**2 + 112*o + 526. Let w(z) = -7*z**2 - 75*z - 354. Let j(x) = -5*t(x) - 7*w(x). Give j(-30).
-2
Let l(q) = -q**3 - 4*q**2 + 3*q + 2. Let g be 15/(-10) + 13/2 + -1. Suppose 0 = 5*x - g*t - 206, 0 = -3*x + 2*t + t + 126. Let p = x - 42. Determine l(p).
-10
Let s(d) = -22*d**2 - 23*d**2 + 68*d**2 - 22*d**